(i) = -i + 16. Let y be j(11). Suppose 0*z - y*u - 11 = -3*z, 3*z + 3*u = 3. Calculate the greatest common factor of 2 and z.
2
Let m(c) = c - 7. Let n be m(8). What is the greatest common factor of n and 1?
1
Suppose 0*k = -2*n + k + 4, -18 = -4*n - 3*k. Suppose -p - 9 = -n*f, 0*f + 5*p + 17 = f. Calculate the highest common factor of f and 2.
2
Suppose 6 = d + 4. Suppose d*t - 12 = -0*b - 3*b, b + 10 = 4*t. Let i = -24 - -40. Calculate the highest common factor of i and b.
2
Suppose 24 = -2*v - 3*y, 2*v - 4*y + 15 = -9. Let i = -4 - v. What is the highest common factor of 1 and i?
1
Suppose 4*p + 2*k = 1934, 4*k - 1392 = -3*p + 56. Calculate the greatest common factor of 44 and p.
44
Let h be -1 + 0 + 14 - 3. Suppose -3*d + 2534 = 2*f, 5*f = 4*d + 3349 + 2963. Let v be f/14 + (-2)/7. What is the greatest common factor of h and v?
10
Let a(v) = -50*v - 1. Let g be a(-2). Suppose j - 18 = -j. What is the greatest common factor of g and j?
9
Let c be -6*-2*18/4. Suppose c = 3*o - o. What is the greatest common divisor of 9 and o?
9
Suppose y = -2*y - 6. Let n be 1/(1*y/(-14)). What is the greatest common divisor of n and 1?
1
Suppose -w = -29 + 2. Suppose -5*r = -w - 43. Calculate the highest common factor of r and 35.
7
Suppose 0 = -7*c + 2*c. Suppose 3 = -c*i + 3*i. Calculate the highest common divisor of 2 and i.
1
Suppose 4*r - 532 = -3*t, 7*t - r - 168 = 6*t. Calculate the highest common factor of 43 and t.
43
Let l = 58 + 26. What is the highest common factor of 21 and l?
21
Let r be (-45)/18 - (-3)/(-2). Let y be (217 - -1) + r + 3. What is the highest common factor of y and 31?
31
Let g(v) = v**3 + 14*v**2 + 1. Let u be g(-14). Let m be 12/u - (-6)/3. Calculate the highest common divisor of m and 154.
14
Let w(l) = -3*l - 3 + 11*l + l. Let f be w(3). Let p(y) = 61*y - 1. Let n be p(1). What is the highest common divisor of n and f?
12
Suppose -5*u + 13 = f, -7*f + 5*f + 3*u = 0. What is the greatest common divisor of 1 and f?
1
Suppose -t + 38 = 3*t - c, 5*t = -c + 43. What is the greatest common divisor of 99 and t?
9
Let z(w) = -w - 6. Let y be z(-5). Let i = y + 46. What is the greatest common divisor of i and 5?
5
Suppose -3 + 18 = -3*o. Let s = 0 - o. What is the highest common factor of 55 and s?
5
Let a(s) = s**2 - s - 7. Let y be a(5). Calculate the greatest common divisor of y and 52.
13
Let h = -112 + 167. Let a = 61 + -26. Suppose a + 20 = 5*q. What is the highest common factor of q and h?
11
Suppose -5*p = -1 - 14. Let g be 12 + (1 - p) + -1. Let r be 4/6 - 21/(-9). Calculate the highest common factor of g and r.
3
Let t be (2/(-3))/(10/15). Let j(z) = 15*z**2 + 2*z + 1. Let s be j(t). Let d = s - -2. Calculate the highest common factor of 2 and d.
2
Let g(u) = 5*u**2 + u + 2. Let y be g(2). Suppose 2*i + 86 = y. Let w = -18 - i. What is the highest common divisor of 13 and w?
13
Let w = -4 + 5. Suppose -4 = l + 2*a + w, -a = 5*l + 16. Let f be l*(0 - (-2)/(-6)). What is the greatest common divisor of f and 7?
1
Suppose -299 = -2*s + 3*y, 3*s + 157 = 4*s - 3*y. Suppose 10 - s = -2*o. Let a(t) = -2*t - 6. Let u be a(-6). What is the highest common divisor of u and o?
6
Let h be 27/(-4) + (-15)/(-20). Let c(i) = i**2 - 4*i - 6. Let r be c(h). What is the greatest common divisor of r and 36?
18
Suppose 2*o - o - 4 = 0. Let s(m) = m**3 - 3*m**2 + 4*m + 2. Let n be s(o). Suppose -3*v = -5*v + n. What is the greatest common divisor of v and 17?
17
Let o(d) = d**3 - 8*d**2 - 9*d. Let p be o(9). Suppose -5*l = 0, -h + p*l = -4*l - 10. Calculate the greatest common divisor of h and 10.
10
Let r(z) = z**2 + z + 132. Let k be r(0). Suppose 3*m = -0*m - 60. Let v = m - -32. What is the highest common divisor of v and k?
12
Let t be 154/10 - (-4)/(-10). Let h(n) = n**2 - 7*n + 7. Let d be h(-7). What is the highest common divisor of d and t?
15
Let l(j) be the first derivative of 2*j**2 + 6*j + 3. Let v be l(5). What is the greatest common factor of v and 65?
13
Let x(c) = 35*c**2 + c + 2. Let u be x(-2). Suppose 13 - 83 = -5*d. Calculate the greatest common divisor of u and d.
14
Suppose 33 = 4*y - y. Calculate the greatest common divisor of 22 and y.
11
Let u(j) = j**3 - 9*j**2 + 13*j - 16. Let b be u(8). Calculate the highest common divisor of b and 60.
12
Suppose 5*u - 12 = 8. Let z = -1 + 1. Suppose -5*p + y + 29 = z, -5*p - y + 25 = -6*y. What is the highest common factor of p and u?
2
Let j = 1 + 21. Suppose -3*p - 2*p + 2*r + 39 = 0, -4*p = 3*r - j. Calculate the highest common divisor of 56 and p.
7
Let o = 79 - 13. Suppose 4*a - 14 = -5*t + o, -5*t = -5*a + 100. Suppose -4*s + m + 44 = 0, -m - 24 = -4*s + 2*s. What is the greatest common factor of s and a?
10
Let f be 4 - -22 - 12/3. Calculate the highest common factor of f and 176.
22
Let i = 302 - 158. Calculate the highest common divisor of 16 and i.
16
Let h be 4 - (4 + -10)/(-2). Calculate the greatest common factor of 11 and h.
1
Let z = 15 - 11. Suppose -z*y + 616 = -0*y. Let t = -32 + 46. What is the greatest common divisor of y and t?
14
Suppose 56 = 2*h + 18. Calculate the greatest common divisor of h and 19.
19
Let b be 6 - (-9*136)/6. Suppose -4*d + 4*k = -75 - 45, 2*d + 2*k = 60. What is the highest common divisor of b and d?
30
Suppose 0 = 8*i - 2829 - 1131. What is the highest common divisor of i and 45?
45
Let q = 9 - -1. Let u be 3 + (3 - (2 - q)). Let t = -3 + u. Calculate the highest common divisor of 11 and t.
11
Let i(d) = d**2 + 2*d - 1. Let a be i(-4). Suppose k = -k + 3*t + 20, 0 = -k + 3*t + a. What is the greatest common divisor of k and 65?
13
Suppose 3*u + 120 = 6*u. Calculate the greatest common divisor of u and 10.
10
Let y(t) = -t**2 + 8*t - 7. Let v be y(6). Let q be 2/7 + (-10)/(-14). What is the highest common divisor of v and q?
1
Let b = 0 + 1. Let u = -11 - -17. Let h(l) = -l**2 + 7*l - 1. Let j be h(u). Calculate the highest common divisor of b and j.
1
Let a be (-444)/(-22) + (-8)/44. Calculate the greatest common divisor of 4 and a.
4
Suppose -4*z + 746 = 2*r, -z - r - 6 + 192 = 0. What is the greatest common divisor of 17 and z?
17
Let b be 26/(-221) - (-1092)/34. What is the greatest common divisor of 80 and b?
16
Let l be (-26)/(-7) - (-4)/14. Suppose 0 = -l*n + 1 + 27. Suppose c = -4*c + 280. What is the greatest common factor of c and n?
7
Let s = 8 - -11. Suppose -o + 2*o = 223. Suppose -5*q - 308 = -4*h - 9*q, -o = -3*h + 5*q. What is the greatest common factor of h and s?
19
Suppose -5*d + 337 - 32 = 0. Let k = d + -13. Calculate the greatest common factor of k and 72.
24
Suppose 5*u - 12 = -5*n + 18, 17 = 2*u + 3*n. What is the greatest common factor of u and 8?
1
Suppose 3*s + 2*s - 5 = 0. Let t be s/4 + 46/8. Let v(r) = -r**2 + 11*r - 6. Let a be v(5). Calculate the highest common divisor of a and t.
6
Suppose 6*l = 8*l - 8. Suppose 4*v + 12 = 2*b - 4, 5*v - 4 = b. Calculate the greatest common divisor of b and l.
4
Let c(w) = 2*w**2 - 10*w - 16. Let p be c(7). Calculate the greatest common factor of 12 and p.
12
Let y be (-1 + 85/(-3))*(-4 + 1). Suppose -8 = -m - 0*m. Calculate the greatest common factor of m and y.
8
Let j(w) = -8*w + 76. Let v be j(6). Calculate the greatest common divisor of 112 and v.
28
Suppose -3*k - w = -0*k + 3, 3 = -w. Suppose k*l + 108 = 4*l. Suppose -5*u - 18 + 2 = -4*o, 29 = 5*o - 4*u. What is the highest common divisor of o and l?
9
Let m be 55*1 + (-2 - -2). Let f(b) = -b**3 - 7*b**2 - 8*b - 7. Let l be f(-6). What is the greatest common divisor of m and l?
5
Let y be 72*(8 - (1 - -2)). Let o be (4/5)/(4/y). Suppose -2*g + 27 = g. What is the greatest common divisor of g and o?
9
Suppose -5*x = -x - 640. Let t(u) = -5*u + 105. Let h be t(17). What is the greatest common factor of h and x?
20
Let u be 5/(1 - (-2 - -2)). Let c(n) = -5*n. Let b be c(-3). What is the highest common factor of u and b?
5
Let n(u) = -u + 14. Let o be n(9). What is the greatest common factor of 45 and o?
5
Suppose 0*a = -l + a + 40, -3*l - 4*a + 85 = 0. Suppose -4*v = -14 - 14. Calculate the highest common divisor of v and l.
7
Let l be (2 + (-4 - -22))*8. Suppose 170 = 5*x + 2*j, -x + 118 = 3*x - 2*j. What is the highest common factor of l and x?
32
Let j = 4 + -4. Suppose t + 0*t - 5*r - 1 = j, 0 = -t + r + 9. Wha